t is b(4)?
-5
Suppose 0 = 34*h + 127 + 77. Let t(g) = g**2 + 5*g - 8. Determine t(h).
-2
Let m(j) = 3*j**3 + 6*j**2 - 4*j**3 - j + 6 - 5. Suppose v + 2*z + 1 = 15, 4*v + z = 28. What is m(v)?
-5
Let r(y) = y**2 - 3*y + 4. Let m(s) = 6*s**2 - 14*s + 22. Let p(z) = 2*m(z) - 11*r(z). Calculate p(-6).
6
Let l(g) be the first derivative of -g**3/3 - 13*g**2/2 - 26*g + 182. Calculate l(-11).
-4
Let i(x) = -14*x**2 + 12*x + 9. Let k(y) = -13*y**2 - 5*y + 8*y + 8*y**2 + y + 3. Let l(v) = -6*i(v) + 17*k(v). What is l(-3)?
0
Let p(k) = k**2 + 17*k - 9. Let d = -947 + 930. What is p(d)?
-9
Let i(x) be the first derivative of -x**3/3 - 9*x**2/2 - 10*x + 411. Give i(-7).
4
Let o(f) = -2*f - 7. Let q(i) = 5*i + 17. Let a(x) = -9*o(x) - 4*q(x). Determine a(0).
-5
Let d(h) = -h**3 - 3*h**2 - 2*h - 2. Let c(u) be the third derivative of -u**6/120 - u**5/10 + 5*u**4/24 - 17*u**3/6 + 19*u**2. Let q be c(-7). Determine d(q).
4
Let l(i) be the second derivative of -23*i**5/20 + i**3/3 - i**2/2 + i - 109. Calculate l(1).
-22
Let v = 127 - 113. Let a(c) = -c**3 + 15*c**2 - 13*c - 3. Determine a(v).
11
Let n(j) = -j + 6. Let w be (2/(-4))/((-2)/(1*-64)). Let q = w - -21. Give n(q).
1
Let j be 26/6 - 5/15. Let z(m) = -5*m**3 + 6*m - j*m**3 - 5*m. What is z(1)?
-8
Let g = -1 + 78. Let u(v) = -4 - 71*v - g*v + 3 + 143*v. Determine u(-1).
4
Let l(g) = -2*g**2 - 5*g - 10. Let x(w) = -3*w**2 - 7*w - 15. Let k be ((-2)/(-1))/(((-10)/(-8))/5). Let y(f) = k*l(f) - 5*x(f). Give y(-4).
-1
Let m(l) = -l**2 - 3*l + 2. Let h be m(-5). Let x = 8 + h. Let u(b) = -6*b + 8*b + 3 + x. What is u(-2)?
-1
Let p(r) be the first derivative of r**4/12 + 2*r**3/3 - 5*r**2/2 + 2*r - 32. Let c(l) be the first derivative of p(l). What is c(-4)?
-5
Let n(g) = 15*g + 37. Let i be n(-2). Let w(v) = v**3 - 6*v**2 - 8*v. Determine w(i).
-7
Let a(l) be the first derivative of -1 - l**2 + 5/3*l**3 - l - 1/4*l**4. Let q = -34 - -37. Give a(q).
11
Let f(t) = -5*t**2 + 4*t - 3. Suppose 36 = -4*b + 6*b. Let x be (b/3)/(6/9). Let v(z) = -20*z**2 + 17*z - 13. Let p(r) = x*f(r) - 2*v(r). Determine p(1).
-4
Suppose -2*h + l = -15 - 55, 4*h - 5*l - 134 = 0. Let m be (-16)/28 + h/14. Let f(n) = -7*n + 3. Calculate f(m).
-11
Let i(a) = 6 + 2*a - a**2 - 5*a + 10*a - 3*a. Let o be (12/(-15))/((-4)/30). Let m(d) = d**2 - 4*d - 7. Let z be m(o). Give i(z).
1
Let y(l) = 33*l**2 - 3*l + 1. Let j(q) = -19*q**2 + 2*q - 1. Let k(d) = 7*j(d) + 4*y(d). Let g = -2 - -6. Determine k(g).
-11
Suppose -4*c - 2 = -3*c. Let a(o) = o + 3. Let k(h) = -4*h - 14. Let r(p) = -5*a(p) - k(p). Calculate r(c).
1
Let a(i) be the first derivative of 7/3*i**3 + 4 - 9*i + 9/2*i**2 - 1/4*i**4. Give a(8).
-1
Let t(s) be the second derivative of 2*s**3 - s**2/2 - 94*s + 1. What is t(1)?
11
Let l be 4/1 - -1 - 0. Let r(p) = -9*p - 38 + 15*p - p**2 + 41. Give r(l).
8
Let w(c) = -c**3 - 5*c**2 + 41*c + 189. Let a be w(-7). Let d(s) = 3*s**2 + 5*s - 12. Let b(p) = 2*p**2 + 3*p - 8. Let r(y) = 8*b(y) - 5*d(y). What is r(a)?
-4
Let r(x) = -x**3 + 4*x**2 - 3*x + 2. Let v(o) = o**2 - 2. Let p be v(0). Let q be p/(-8) + 44/16. Suppose q*a = -4 + 13. Determine r(a).
2
Let r(g) = -8*g**3 - 1. Let h(a) = -a**2 - 10*a + 5. Let w be h(-10). Suppose -2*j - 2*p + 10 = -4*j, -j - w*p = -19. Determine r(j).
7
Let s = -89 - -129. Suppose -r = 3*r - 2*l + 10, -3*r - s = 5*l. Let p(t) = -5*t - 3 - 2*t - t**2 - 5*t + 5*t. Give p(r).
7
Suppose 5*t - 30 = -10. Suppose -3*c - 9 = -2*f, 2*f - 2 = t. Let s(m) be the third derivative of -m**4/24 + m**3/6 - 19*m**2. Calculate s(c).
2
Let y = 157 - 141. Suppose -4*j + 5*t - y = -38, -5*t = 2*j + 4. Let s(r) be the first derivative of -r**4/4 + r**3 + 3*r**2/2 - r - 1. Give s(j).
8
Let m(n) = -13*n - 1. Let y(g) = -8*g - 13. Let u(z) = 3*z + 12*z + 6 + 8 + 12. Let j(d) = 6*u(d) + 11*y(d). Let l be j(-6). Determine m(l).
-14
Let m(v) = -2*v**2 - 3*v + 3. Let f be (1 + -2)/(1*1/3). Calculate m(f).
-6
Let m(v) be the first derivative of -5 + 1/20*v**5 - 5*v + 1/6*v**4 + 1/6*v**3 + 1/2*v**2. Let h(r) be the first derivative of m(r). Give h(-2).
-1
Let k(d) = d**3 + 9*d**2 + 13*d - 10. Let j = -625 - -618. Determine k(j).
-3
Let n(f) = f + 6*f**2 + f**3 + 5*f - 22 + 20. Give n(-5).
-7
Suppose 42 = 5*i - 0*c - 2*c, -2*i - 3*c + 13 = 0. Let f(j) be the third derivative of -j**6/120 + 7*j**5/60 + 7*j**4/24 + 3*j**3/2 - 516*j**2. Determine f(i).
1
Let p(r) = r**3 + 5*r**2 - 2*r + 6. Let x(m) = -m**2 + 10*m - 8. Let b be x(8). Suppose -b*z = -3*z + 25. Calculate p(z).
16
Let o(r) = 6 + 2*r + 18*r - 19*r + 0*r. Let c(k) = k**2 + 2*k. Let y be c(-2). Calculate o(y).
6
Let g(v) = 10*v - 1. Let q(i) = i - 37. Let d be q(36). What is g(d)?
-11
Let o(w) be the second derivative of -w**3/3 + 9*w. Let a = 5 + -1. Determine o(a).
-8
Let n(d) = -6*d**3 - d**2 - d - 1. Let t be n(-1). Let p(q) = -3*q**2 + t - 44*q - 3 + 43*q - 2*q**3. What is p(-2)?
8
Let p(i) = i**2 - 7*i. Let y(u) = 7*u**2 - 26*u - 6. Let r(o) = -6*p(o) + y(o). Determine r(-17).
11
Suppose 54*n - 56*n + 2 = 0. Let r(v) = -48*v**2 + 2*v - 1. Calculate r(n).
-47
Let n(j) be the second derivative of -10*j**3/3 + j**2/2 - 35*j. Suppose -5*t + 2 = -2*w, 4*w + 5 - 1 = t. Give n(w).
21
Let t(g) = 3*g - 2. Let o(f) = -4*f + 2. Let u(a) = -5*o(a) - 6*t(a). What is u(-5)?
-8
Let b(v) = -4*v**3 + v**2 - v + 1. Let r(n) = n**2 - 10*n - 14. Let k(z) = 6*z**2 - 49*z - 71. Let s(x) = 2*k(x) - 11*r(x). Let p be s(-11). Give b(p).
-3
Let p(t) = t**3 + 2 + 4*t**3 + 4*t - 4*t**3 - 5 - 5*t**2. What is p(3)?
-9
Let c(k) = -2*k**2 + 3. Let l(v) = -5*v**2 - 8*v + 13. Let w(z) = 4*c(z) - l(z). What is w(2)?
3
Let w(i) = -2 + 2 + 2*i**2 - i**2 + 0 + 2. Suppose 4 + 0 = 4*s. Suppose -h + s = 4. Calculate w(h).
11
Let d(w) = -13*w + 53. Let j(u) = -27*u + 106. Let q(r) = 7*d(r) - 3*j(r). What is q(5)?
3
Let l(y) = -y**3 + 7*y + 4. Let h(v) = v**3 + v + 1. Let a(c) = h(c) - l(c). Determine a(-2).
-7
Let q = -269 + 273. Let o(r) = r**3 - 4*r**2 + 4*r - 5. What is o(q)?
11
Let q(r) be the third derivative of -r**4/12 - r**3/3 + 106*r**2. Calculate q(-1).
0
Let q(l) = -4*l - 40. Let h be q(-10). Let a(n) be the third derivative of 1/2*n**3 + 1/8*n**4 + h*n - 1/60*n**6 - 1/60*n**5 + n**2 + 0. Give a(-2).
9
Let u = 100 - 97. Let v be 3 + -2 - (-4 - 1). Let d(w) = 3 - 2*w + v*w**2 + 0*w**3 + 3*w - w**u. What is d(6)?
9
Let l(z) = -z. Let d(t) = -2. Let k = -30 + 20. Let p be ((-2)/k)/((-1)/(-5)). Let a(q) = p*d(q) + l(q). What is a(-3)?
1
Suppose -6*r + 447 + 927 = 0. Let b(m) = -234 + 6*m + r - 5*m. Calculate b(0).
-5
Let v(d) = -d - 12. Let c(l) = l**3 + 14*l**2 + 13*l - 5. Let x(b) = 2*b + 8. Let f be x(-8). Let t = -21 - f. Let s be c(t). Calculate v(s).
-7
Let q(j) = 3*j**2 + 35 - j**2 - 53 - 3*j**2. Give q(0).
-18
Let f = 207 + -197. Suppose -f*r = -49 - 1. Let o(n) = 4*n**2 + 19*n - 10. Let g(a) = -a**2 - 6*a + 3. Let c(j) = 7*g(j) + 2*o(j). Give c(r).
6
Let a(o) = 34*o**2 - 6*o - 7. Let w be a(-2). Let f(b) = -w*b - 145*b + 284*b + 3*b**2 - 2. Calculate f(2).
6
Let k be 9/5 - 1/(-5). Suppose 0 = -4*i - 4*c - 8, k*i = -2*i + c - 13. Let o(h) = h**3 + 3*h**2 + 2*h + 1. What is o(i)?
-5
Let v(g) = 12*g + 113. Let b be v(-9). Suppose -2*t + 0*u - u + 10 = 0, -5*u + 29 = 3*t. Let h(r) = -2 - t*r - 5 - 5*r**2 + 5*r + r**3. Calculate h(b).
3
Let v be 9 - (-6)/(30/(-25)). Let t be -38*(3/6 + -1). Let j(n) = -22 + n**2 + v*n + n + t. Give j(-6).
3
Let i(a) be the third derivative of -a**6/720 - a**5/15 + 41*a**4/24 + 35*a**2. Let u(m) be the second derivative of i(m). What is u(-5)?
-3
Let x(b) = -b - 1. Let l(y) = -y**3 - 6*y**2 + 2*y + 4. Let s(a) = l(a) + 4*x(a). Give s(-6).
12
Let x(o) be the second derivative of -o**4/12 + 4*o**3/3 + 3*o**2/2 - 23*o. Let f be ((-45)/18)/(2/(-4)). Let v be (9/f)/(3/10). Calculate x(v).
15
Let k(m) = 28*m + 4. Let t(x) = -11*x - 2. Let z(h) = 3*k(h) + 8*t(h). Let q(p) = 2*p**2 - 3*p + 1. Let r be q(2). Determine z(r).
-16
Suppose -1291 = -6*p - 1309. Let g(z) = -z**3 - 4*z**2 + 7. Determine g(p).
-2
Let c(r) = 4 + 0 - 9*r - 2 + 7*r. Suppose 22 - 2 = 4*q. Suppose -25 = q*d - 0*d. Calculate c(d).
12
Let i(f) = 4*f**2 + 2*f - 9. Let g(h) be the second derivative of 5*h**4/12 + h**3/6 - 5*h**2 - 6*h. Let x(u) = 5*g(u) - 6*i(u). Determine x(6).
-2
Let i(n) = -10*n - 2299 + 2309